{"id":20,"date":"2014-07-09T15:49:47","date_gmt":"2014-07-09T15:49:47","guid":{"rendered":"http:\/\/192.168.1.104\/restaurant\/?page_id=18"},"modified":"2025-11-01T14:17:39","modified_gmt":"2025-11-01T13:17:39","slug":"lestartes","status":"publish","type":"page","link":"https:\/\/aucomptoirdemargaux.com\/index.php\/lestartes\/","title":{"rendered":"Les Tartes"},"content":{"rendered":"<\/div><\/div><\/div><!-- close content main div --><\/div><\/div><div id='av_section_1' class='avia-section main_color avia-section-default avia-no-shadow avia-full-stretch av-section-color-overlay-active avia-bg-style-scroll   av-minimum-height av-minimum-height-75 container_wrap sidebar_right' style = 'background-repeat: no-repeat; background-image: url(https:\/\/aucomptoirdemargaux.com\/wp-content\/uploads\/2022\/11\/ComptoirdeMargaux-Web-180-300x200.jpg); background-attachment: scroll; background-position: top left; ' data-section-bg-repeat='stretch' ><div class='av-section-color-overlay-wrap'><div class='av-section-color-overlay' style='opacity: 0.5; background-color: #fcfcfc; '><\/div><div class='container' ><div class='template-page content  av-content-small alpha units'><div class='post-entry post-entry-type-page post-entry-20'><div class='entry-content-wrapper clearfix'>\n<div class='avia-image-container  av-styling-    avia-align-center '  itemscope=\"itemscope\" itemtype=\"https:\/\/schema.org\/ImageObject\"  ><div class='avia-image-container-inner'><img class='avia_image ' src='https:\/\/aucomptoirdemargaux.com\/wp-content\/uploads\/2024\/05\/Logo-MP_HD-2024-297x300.png' alt='' title='Logo MP_HD-2024'   itemprop=\"thumbnailUrl\"  \/><\/div><\/div>\n<\/div><\/div><\/div><!-- close content main div --><\/div><\/div><\/div><div id='after_section_1' class='main_color av_default_container_wrap container_wrap sidebar_right'   ><div class='container' ><div class='template-page content  av-content-small alpha units'><div class='post-entry post-entry-type-page post-entry-20'><div class='entry-content-wrapper clearfix'>\n<div class=\"flex_column av_one_full  flex_column_div av-zero-column-padding first  \" style='border-radius:0px; '><div style='padding-bottom:70px;color:#b28e50;' class='av-special-heading av-special-heading-h1 custom-color-heading blockquote modern-quote modern-centered  '><h1 class='av-special-heading-tag '  itemprop=\"headline\"  >LES TARTES<\/h1><div class='special-heading-border'><div class='special-heading-inner-border' style='border-color:#b28e50'><\/div><\/div><\/div><\/div>\n<div style='padding-bottom:25px;' class='av-special-heading av-special-heading-h2  blockquote modern-quote modern-centered   '><h2 class='av-special-heading-tag '  itemprop=\"headline\"  >Sal\u00e9es<\/h2><div class='special-heading-border'><div class='special-heading-inner-border' ><\/div><\/div><\/div>\n<div class=\"flex_column av_one_third  flex_column_div av-zero-column-padding first  \" style='border-radius:0px; '><div class='av-catalogue-container  '><ul class='av-catalogue-list'>\n<li><a href='https:\/\/aucomptoirdemargaux.com\/wp-content\/uploads\/2018\/08\/img_3281_1.jpg'  class='av-catalogue-item'><img src='https:\/\/aucomptoirdemargaux.com\/wp-content\/uploads\/2018\/08\/img_3281_1-180x180.jpg' title='img_3281_1' alt='' class='av-catalogue-image' \/><div class='av-catalogue-item-inner'><div class='av-catalogue-title-container'><div class='av-catalogue-title'>Courgette, f\u00eata, menthe &amp; Crumble de parmesan<\/div><div class='av-catalogue-price'><\/div><\/div><div class='av-catalogue-content'><\/div><\/div><\/a><\/li>\n<li><a href='https:\/\/aucomptoirdemargaux.com\/wp-content\/uploads\/2018\/08\/Camembert-poire-m\u00e2che-coppa-et-pignon-de-pin.jpg'  class='av-catalogue-item'><img src='https:\/\/aucomptoirdemargaux.com\/wp-content\/uploads\/2018\/08\/Camembert-poire-m\u00e2che-coppa-et-pignon-de-pin-180x180.jpg' title='Camembert, poire, m\u00e2che, coppa et pignon de pin' alt='' class='av-catalogue-image' \/><div class='av-catalogue-item-inner'><div class='av-catalogue-title-container'><div class='av-catalogue-title'>Camembert, poire, m\u00e2che, coppa et pignons de pin <\/div><div class='av-catalogue-price'><\/div><\/div><div class='av-catalogue-content'><\/div><\/div><\/a><\/li>\n<li><a href='https:\/\/aucomptoirdemargaux.com\/wp-content\/uploads\/2018\/08\/quiche-courgette-chevre-tomate-1.jpg'  class='av-catalogue-item'><img src='https:\/\/aucomptoirdemargaux.com\/wp-content\/uploads\/2018\/08\/quiche-courgette-chevre-tomate-1-180x180.jpg' title='quiche-courgette-chevre-tomate' alt='' class='av-catalogue-image' \/><div class='av-catalogue-item-inner'><div class='av-catalogue-title-container'><div class='av-catalogue-title'>Quiche courgette ch\u00e8vre tomate s\u00e9ch\u00e9e<\/div><div class='av-catalogue-price'><\/div><\/div><div class='av-catalogue-content'><\/div><\/div><\/a><\/li>\n<\/ul><\/div><\/div>\n<div class=\"flex_column av_one_third  flex_column_div av-zero-column-padding   \" style='border-radius:0px; '><div class='av-catalogue-container  '><ul class='av-catalogue-list'>\n<li><a href='https:\/\/aucomptoirdemargaux.com\/wp-content\/uploads\/2018\/08\/quiche-tomate-mozza-aubergine-basilic.jpg'  class='av-catalogue-item'><img src='https:\/\/aucomptoirdemargaux.com\/wp-content\/uploads\/2018\/08\/quiche-tomate-mozza-aubergine-basilic-180x180.jpg' title='quiche-tomate-mozza-aubergine-basilic' alt='' class='av-catalogue-image' \/><div class='av-catalogue-item-inner'><div class='av-catalogue-title-container'><div class='av-catalogue-title'> Tomate mozza aubergine basilic<\/div><div class='av-catalogue-price'><\/div><\/div><div class='av-catalogue-content'><\/div><\/div><\/a><\/li>\n<li><a href='https:\/\/aucomptoirdemargaux.com\/wp-content\/uploads\/2018\/08\/quiche-lorraine.jpg'  class='av-catalogue-item'><img src='https:\/\/aucomptoirdemargaux.com\/wp-content\/uploads\/2018\/08\/quiche-lorraine-180x180.jpg' title='quiche-lorraine' alt='' class='av-catalogue-image' \/><div class='av-catalogue-item-inner'><div class='av-catalogue-title-container'><div class='av-catalogue-title'>Quiche Lorraine<\/div><div class='av-catalogue-price'><\/div><\/div><div class='av-catalogue-content'><\/div><\/div><\/a><\/li>\n<li><a href='https:\/\/aucomptoirdemargaux.com\/wp-content\/uploads\/2018\/08\/quiche-tomate-aubergine-cuite.jpg'  class='av-catalogue-item'><img src='https:\/\/aucomptoirdemargaux.com\/wp-content\/uploads\/2018\/08\/quiche-tomate-aubergine-cuite-180x180.jpg' title='quiche-tomate-aubergine-cuite' alt='' class='av-catalogue-image' \/><div class='av-catalogue-item-inner'><div class='av-catalogue-title-container'><div class='av-catalogue-title'>Quiche f\u00eata aubergine tomate olive noir<\/div><div class='av-catalogue-price'><\/div><\/div><div class='av-catalogue-content'><\/div><\/div><\/a><\/li>\n<li><a href='https:\/\/aucomptoirdemargaux.com\/wp-content\/uploads\/2018\/08\/quiche-vegetarienne-7-legumes.jpg'  class='av-catalogue-item'><img src='https:\/\/aucomptoirdemargaux.com\/wp-content\/uploads\/2018\/08\/quiche-vegetarienne-7-legumes-180x180.jpg' title='quiche-vegetarienne-7-legumes' alt='' class='av-catalogue-image' \/><div class='av-catalogue-item-inner'><div class='av-catalogue-title-container'><div class='av-catalogue-title'>Quiche v\u00e9g\u00e9tarienne 7 l\u00e9gumes<\/div><div class='av-catalogue-price'><\/div><\/div><div class='av-catalogue-content'><\/div><\/div><\/a><\/li>\n<li><a href='https:\/\/aucomptoirdemargaux.com\/wp-content\/uploads\/2018\/08\/quiche-aubergine-tomate-parmesan.jpg'  class='av-catalogue-item'><img src='https:\/\/aucomptoirdemargaux.com\/wp-content\/uploads\/2018\/08\/quiche-aubergine-tomate-parmesan-180x180.jpg' title='quiche-aubergine-tomate-parmesan' alt='' class='av-catalogue-image' \/><div class='av-catalogue-item-inner'><div class='av-catalogue-title-container'><div class='av-catalogue-title'>Aubergine, tomate et parmesan<\/div><div class='av-catalogue-price'><\/div><\/div><div class='av-catalogue-content'><\/div><\/div><\/a><\/li>\n<li><a href='https:\/\/aucomptoirdemargaux.com\/wp-content\/uploads\/2018\/08\/quiche-poireaux-jambon.jpg'  class='av-catalogue-item'><img src='https:\/\/aucomptoirdemargaux.com\/wp-content\/uploads\/2018\/08\/quiche-poireaux-jambon-180x180.jpg' title='quiche-poireaux-jambon' alt='' class='av-catalogue-image' \/><div class='av-catalogue-item-inner'><div class='av-catalogue-title-container'><div class='av-catalogue-title'>Poireaux jambon blanc Emmenthal<\/div><div class='av-catalogue-price'><\/div><\/div><div class='av-catalogue-content'><\/div><\/div><\/a><\/li>\n<li><a href='https:\/\/aucomptoirdemargaux.com\/wp-content\/uploads\/2018\/08\/quiche-epinards-chevre.jpg'  class='av-catalogue-item'><img src='https:\/\/aucomptoirdemargaux.com\/wp-content\/uploads\/2018\/08\/quiche-epinards-chevre-180x180.jpg' title='quiche-epinards-chevre' alt='' class='av-catalogue-image' \/><div class='av-catalogue-item-inner'><div class='av-catalogue-title-container'><div class='av-catalogue-title'>Quiche \u00e9pinard pignon de pin ch\u00e8vre<\/div><div class='av-catalogue-price'><\/div><\/div><div class='av-catalogue-content'><\/div><\/div><\/a><\/li>\n<\/ul><\/div><\/div>\n<div class=\"flex_column av_one_third  flex_column_div av-zero-column-padding   \" style='border-radius:0px; '><div class='av-catalogue-container  '><ul class='av-catalogue-list'>\n<li><a href='https:\/\/aucomptoirdemargaux.com\/wp-content\/uploads\/2018\/08\/quiche-brocoli-tomate-brie-cuite.jpg'  class='av-catalogue-item'><img src='https:\/\/aucomptoirdemargaux.com\/wp-content\/uploads\/2018\/08\/quiche-brocoli-tomate-brie-cuite-180x180.jpg' title='quiche-brocoli-tomate-brie-cuite' alt='' class='av-catalogue-image' \/><div class='av-catalogue-item-inner'><div class='av-catalogue-title-container'><div class='av-catalogue-title'>Brocoli tomate brie<\/div><div class='av-catalogue-price'><\/div><\/div><div class='av-catalogue-content'><\/div><\/div><\/a><\/li>\n<li><a href='https:\/\/aucomptoirdemargaux.com\/wp-content\/uploads\/2018\/08\/quiche-poulet-pesto-tomate-pamesan.jpg'  class='av-catalogue-item'><img src='https:\/\/aucomptoirdemargaux.com\/wp-content\/uploads\/2018\/08\/quiche-poulet-pesto-tomate-pamesan-180x180.jpg' title='quiche-poulet-pesto-tomate-pamesan' alt='' class='av-catalogue-image' \/><div class='av-catalogue-item-inner'><div class='av-catalogue-title-container'><div class='av-catalogue-title'>Poulet pesto tomate cerise parmesan<\/div><div class='av-catalogue-price'><\/div><\/div><div class='av-catalogue-content'><\/div><\/div><\/a><\/li>\n<li><a href='https:\/\/aucomptoirdemargaux.com\/wp-content\/uploads\/2018\/08\/quiche-copa-tomates-confites.jpg'  class='av-catalogue-item'><img src='https:\/\/aucomptoirdemargaux.com\/wp-content\/uploads\/2018\/08\/quiche-copa-tomates-confites-180x180.jpg' title='quiche-copa-tomates-confites' alt='' class='av-catalogue-image' \/><div class='av-catalogue-item-inner'><div class='av-catalogue-title-container'><div class='av-catalogue-title'> Copa, tomate confite et mascarpone<\/div><div class='av-catalogue-price'><\/div><\/div><div class='av-catalogue-content'><\/div><\/div><\/a><\/li>\n<\/ul><\/div><\/div>\n<div class=\"flex_column av_one_full  flex_column_div av-zero-column-padding first  \" style='border-radius:0px; '><section class=\"av_textblock_section \"  itemscope=\"itemscope\" itemtype=\"https:\/\/schema.org\/CreativeWork\" ><div class='avia_textblock  '   itemprop=\"text\" ><p><strong>Tarifs:<\/strong><br \/>\n4\/6 parts 20.00\u20ac<br \/>\n8\/10 parts 29.00\u20ac<\/p>\n<\/div><\/section><\/div>\n<div style='padding-bottom:25px;' class='av-special-heading av-special-heading-h2  blockquote modern-quote modern-centered   '><h2 class='av-special-heading-tag '  itemprop=\"headline\"  >Sucr\u00e9es<\/h2><div class='special-heading-border'><div class='special-heading-inner-border' ><\/div><\/div><\/div>\n<div class=\"flex_column av_one_third  flex_column_div av-zero-column-padding first  \" style='border-radius:0px; '><div class='av-catalogue-container  '><ul class='av-catalogue-list'>\n<li><a href='https:\/\/aucomptoirdemargaux.com\/wp-content\/uploads\/2018\/08\/fondant-au-chocolat.jpg'  class='av-catalogue-item'><img src='https:\/\/aucomptoirdemargaux.com\/wp-content\/uploads\/2018\/08\/fondant-au-chocolat-180x180.jpg' title='fondant-au-chocolat' alt='' class='av-catalogue-image' \/><div class='av-catalogue-item-inner'><div class='av-catalogue-title-container'><div class='av-catalogue-title'>Fondant Chocolat<\/div><div class='av-catalogue-price'><\/div><\/div><div class='av-catalogue-content'>\nau chocolat amer (70% cacao)<br \/>\n<\/div><\/div><\/a><\/li>\n<li><a href='https:\/\/aucomptoirdemargaux.com\/wp-content\/uploads\/2018\/08\/mainPicture-1030x684.jpeg'  class='av-catalogue-item'><img src='https:\/\/aucomptoirdemargaux.com\/wp-content\/uploads\/2018\/08\/mainPicture-180x180.jpeg' title='mainPicture' alt='' class='av-catalogue-image' \/><div class='av-catalogue-item-inner'><div class='av-catalogue-title-container'><div class='av-catalogue-title'>Tarte aux Fraises (de saison)<\/div><div class='av-catalogue-price'><\/div><\/div><div class='av-catalogue-content'>\nCro\u00fbte sabl\u00e9e, mousse vanille et fraises fra\u00eeches<br \/>\n<\/div><\/div><\/a><\/li>\n<li><a href='https:\/\/aucomptoirdemargaux.com\/wp-content\/uploads\/2018\/08\/Croute-Sabl\u00e9e-Cr\u00e8me-fraiche-vanill\u00e9e-et-Framboise.jpeg'  class='av-catalogue-item'><img src='https:\/\/aucomptoirdemargaux.com\/wp-content\/uploads\/2018\/08\/Croute-Sabl\u00e9e-Cr\u00e8me-fraiche-vanill\u00e9e-et-Framboise-180x180.jpeg' title='Croute Sabl\u00e9e Cr\u00e8me fraiche vanill\u00e9e et Framboise' alt='' class='av-catalogue-image' \/><div class='av-catalogue-item-inner'><div class='av-catalogue-title-container'><div class='av-catalogue-title'>Tarte Framboises (de saison)<\/div><div class='av-catalogue-price'><\/div><\/div><div class='av-catalogue-content'>\nCro\u00fbte sabl\u00e9e, cr\u00e8me fra\u00eeche vanill\u00e9e et framboises<br \/>\n<\/div><\/div><\/a><\/li>\n<li><a href='https:\/\/aucomptoirdemargaux.com\/wp-content\/uploads\/2022\/11\/Tiramisu.png'  class='av-catalogue-item'><img src='https:\/\/aucomptoirdemargaux.com\/wp-content\/uploads\/2022\/11\/Tiramisu-180x180.png' title='Tiramisu' alt='' class='av-catalogue-image' \/><div class='av-catalogue-item-inner'><div class='av-catalogue-title-container'><div class='av-catalogue-title'>Tiramisu<\/div><div class='av-catalogue-price'><\/div><\/div><div class='av-catalogue-content'>\nDacquoise au caf\u00e9, cr\u00e8me de moka et mousse de Mascarpone<br \/>\n<\/div><\/div><\/a><\/li>\n<li><a href='https:\/\/aucomptoirdemargaux.com\/wp-content\/uploads\/2018\/08\/intense-chocolat-orange-et-nougat-1.jpg'  class='av-catalogue-item'><img src='https:\/\/aucomptoirdemargaux.com\/wp-content\/uploads\/2018\/08\/intense-chocolat-orange-et-nougat-1-180x180.jpg' title='intense-chocolat-orange-et-nougat' alt='' class='av-catalogue-image' \/><div class='av-catalogue-item-inner'><div class='av-catalogue-title-container'><div class='av-catalogue-title'>Intense chocolat orange et nougat<\/div><div class='av-catalogue-price'><\/div><\/div><div class='av-catalogue-content'>\nFondant au chocolat Noir, orange confit et nougat<br \/>\n<\/div><\/div><\/a><\/li>\n<\/ul><\/div><\/div>\n<div class=\"flex_column av_one_third  flex_column_div av-zero-column-padding   \" style='border-radius:0px; '><div class='av-catalogue-container  '><ul class='av-catalogue-list'>\n<li><a href='https:\/\/aucomptoirdemargaux.com\/wp-content\/uploads\/2018\/08\/Cheesecake-Speculoos-1.jpeg'  class='av-catalogue-item'><img src='https:\/\/aucomptoirdemargaux.com\/wp-content\/uploads\/2018\/08\/Cheesecake-Speculoos-1-180x180.jpeg' title='Cheesecake Speculoos' alt='' class='av-catalogue-image' \/><div class='av-catalogue-item-inner'><div class='av-catalogue-title-container'><div class='av-catalogue-title'>Cheesecake Speculoos<\/div><div class='av-catalogue-price'><\/div><\/div><div class='av-catalogue-content'>\nCro\u00fbte de speculoos, Cheesecake et poudre de\u00a0sp\u00e9culoos<br \/>\n<\/div><\/div><\/a><\/li>\n<li><div class='av-catalogue-item'><img src='https:\/\/aucomptoirdemargaux.com\/wp-content\/uploads\/2018\/08\/IMG_0712-180x180.jpg' title='IMG_0712' alt='' class='av-catalogue-image' \/><div class='av-catalogue-item-inner'><div class='av-catalogue-title-container'><div class='av-catalogue-title'>Cheesecake fruits rouges<\/div><div class='av-catalogue-price'><\/div><\/div><div class='av-catalogue-content'>\nCro\u00fbte de speculoos, Cheesecake et fruits rouges<br \/>\n<\/div><\/div><\/div><\/li>\n<li><a href='https:\/\/aucomptoirdemargaux.com\/wp-content\/uploads\/2018\/08\/tarte-citron-meringue.jpg'  class='av-catalogue-item'><img src='https:\/\/aucomptoirdemargaux.com\/wp-content\/uploads\/2018\/08\/tarte-citron-meringue-180x180.jpg' title='tarte-citron-meringue' alt='' class='av-catalogue-image' \/><div class='av-catalogue-item-inner'><div class='av-catalogue-title-container'><div class='av-catalogue-title'>Citron meringu\u00e9e<\/div><div class='av-catalogue-price'><\/div><\/div><div class='av-catalogue-content'>\nP\u00e2te sabl\u00e9e, cr\u00e8me au citron et meringue \u00e0 l&rsquo;italienne<br \/>\n<\/div><\/div><\/a><\/li>\n<li><a href='https:\/\/aucomptoirdemargaux.com\/wp-content\/uploads\/2018\/08\/croute-abricot-amande.jpg'  class='av-catalogue-item'><img src='https:\/\/aucomptoirdemargaux.com\/wp-content\/uploads\/2018\/08\/croute-abricot-amande-180x180.jpg' title='croute-abricot-amande' alt='' class='av-catalogue-image' \/><div class='av-catalogue-item-inner'><div class='av-catalogue-title-container'><div class='av-catalogue-title'>Cro\u00fbte abricot amande<\/div><div class='av-catalogue-price'><\/div><\/div><div class='av-catalogue-content'>\nP\u00e2te sabl\u00e9e, abricots et amandes effil\u00e9es<br \/>\n<\/div><\/div><\/a><\/li>\n<li><a href='https:\/\/aucomptoirdemargaux.com\/wp-content\/uploads\/2018\/08\/IMG_0524-1030x1030.jpg'  class='av-catalogue-item'><img src='https:\/\/aucomptoirdemargaux.com\/wp-content\/uploads\/2018\/08\/IMG_0524-180x180.jpg' title='IMG_0524' alt='' class='av-catalogue-image' \/><div class='av-catalogue-item-inner'><div class='av-catalogue-title-container'><div class='av-catalogue-title'>Cro\u00fbte banane Br\u00e9silienne<\/div><div class='av-catalogue-price'><\/div><\/div><div class='av-catalogue-content'>\nP\u00e2te sabl\u00e9e, cr\u00e8me chantilly et mascarpone bananes, noisettes caram\u00e9lis\u00e9es<br \/>\n<\/div><\/div><\/a><\/li>\n<\/ul><\/div><\/div>\n<div class=\"flex_column av_one_third  flex_column_div av-zero-column-padding   \" style='border-radius:0px; '><div class='av-catalogue-container  '><ul class='av-catalogue-list'>\n<li><a href='https:\/\/aucomptoirdemargaux.com\/wp-content\/uploads\/2018\/08\/Tarte-Abricot-1.jpeg'  class='av-catalogue-item'><img src='https:\/\/aucomptoirdemargaux.com\/wp-content\/uploads\/2018\/08\/Tarte-Abricot-1-180x180.jpeg' title='Tarte Abricot' alt='' class='av-catalogue-image' \/><div class='av-catalogue-item-inner'><div class='av-catalogue-title-container'><div class='av-catalogue-title'>Tarte aux Abricots<\/div><div class='av-catalogue-price'><\/div><\/div><div class='av-catalogue-content'>\nSabl\u00e9 breton, cr\u00e8me d&rsquo;amandes et abricots<br \/>\n<\/div><\/div><\/a><\/li>\n<li><div class='av-catalogue-item'><img src='https:\/\/aucomptoirdemargaux.com\/wp-content\/uploads\/2018\/08\/mainPicture-3-180x180.jpeg' title='mainPicture (3)' alt='' class='av-catalogue-image' \/><div class='av-catalogue-item-inner'><div class='av-catalogue-title-container'><div class='av-catalogue-title'>Tarte aux Pommes<\/div><div class='av-catalogue-price'><\/div><\/div><div class='av-catalogue-content'>\nSabl\u00e9 breton, pommes, cr\u00e8me d&rsquo;amandes, noix et raisins secs<br \/>\n<\/div><\/div><\/div><\/li>\n<li><a href='https:\/\/aucomptoirdemargaux.com\/wp-content\/uploads\/2018\/08\/croute-vanille-bourbon-caramel-1.jpg'  class='av-catalogue-item'><img src='https:\/\/aucomptoirdemargaux.com\/wp-content\/uploads\/2018\/08\/croute-vanille-bourbon-caramel-1-180x180.jpg' title='croute-vanille-bourbon-caramel' alt='' class='av-catalogue-image' \/><div class='av-catalogue-item-inner'><div class='av-catalogue-title-container'><div class='av-catalogue-title'>Tarte au Caramel beurre sal\u00e9<\/div><div class='av-catalogue-price'><\/div><\/div><div class='av-catalogue-content'>\nP\u00e2te sabl\u00e9e, Caramel beurre sal\u00e9 et vanille bourbon<br \/>\n<\/div><\/div><\/a><\/li>\n<\/ul><\/div><\/div>\n<div class=\"flex_column av_one_full  flex_column_div av-zero-column-padding first  \" style='border-radius:0px; '><section class=\"av_textblock_section \"  itemscope=\"itemscope\" itemtype=\"https:\/\/schema.org\/CreativeWork\" ><div class='avia_textblock  '   itemprop=\"text\" ><p><strong>Tarifs:<\/strong><br \/>\n4\/6 parts 20.00\u20ac<br \/>\n8\/10 parts 32.00\u20ac<\/p>\n<p>Except\u00e9 la tarte aux Fraises et Framboises<br \/>\n4\/6 parts 26.50\u20ac<br \/>\n8\/10 parts 36.00\u20ac<\/p>\n<\/div><\/section><\/div><\/div><\/div><\/div><!-- close content main div --><\/div><\/div><div id='av_section_2' class='avia-section main_color avia-section-default avia-no-shadow avia-bg-style-scroll   container_wrap sidebar_right' style = 'background-color: #b28e50; '  ><div class='container' ><div class='template-page content  av-content-small alpha units'><div class='post-entry post-entry-type-page post-entry-20'><div class='entry-content-wrapper clearfix'>\n<div class=\"flex_column av_one_full  flex_column_div av-zero-column-padding first  \" style='border-radius:0px; '><p><div style='padding-bottom:10px;color:#ffffff;' class='av-special-heading av-special-heading-h3 custom-color-heading blockquote modern-quote   '><h3 class='av-special-heading-tag '  itemprop=\"headline\"  >PASSER COMMANDE<\/h3><div class='special-heading-border'><div class='special-heading-inner-border' style='border-color:#ffffff'><\/div><\/div><\/div><br \/>\n<section class=\"av_textblock_section \"  itemscope=\"itemscope\" itemtype=\"https:\/\/schema.org\/CreativeWork\" ><div class='avia_textblock  av_inherit_color '  style='color:#ffffff; '  itemprop=\"text\" ><p>Chauss\u00e9e de Wavre 1705<br \/>\nAuderghem<\/p>\n<p>+32 (0)2 256 0153<\/p>\n<p>commande@aucomptoirdemargaux.com<br \/>\nBE1020394765<\/p>\n<\/div><\/section><\/p><\/div>\n<\/div><\/div><\/div><!-- close content main div --><\/div><\/div><div id='after_section_2' class='main_color av_default_container_wrap container_wrap sidebar_right'   ><div class='container' ><div class='template-page content  av-content-small alpha units'><div class='post-entry post-entry-type-page post-entry-20'><div class='entry-content-wrapper clearfix'><\/p>\n","protected":false},"excerpt":{"rendered":"","protected":false},"author":1,"featured_media":0,"parent":0,"menu_order":0,"comment_status":"open","ping_status":"open","template":"","meta":{"spay_email":""},"jetpack_sharing_enabled":true,"jetpack_shortlink":"https:\/\/wp.me\/P9Nd3r-k","_links":{"self":[{"href":"https:\/\/aucomptoirdemargaux.com\/index.php\/wp-json\/wp\/v2\/pages\/20"}],"collection":[{"href":"https:\/\/aucomptoirdemargaux.com\/index.php\/wp-json\/wp\/v2\/pages"}],"about":[{"href":"https:\/\/aucomptoirdemargaux.com\/index.php\/wp-json\/wp\/v2\/types\/page"}],"author":[{"embeddable":true,"href":"https:\/\/aucomptoirdemargaux.com\/index.php\/wp-json\/wp\/v2\/users\/1"}],"replies":[{"embeddable":true,"href":"https:\/\/aucomptoirdemargaux.com\/index.php\/wp-json\/wp\/v2\/comments?post=20"}],"version-history":[{"count":28,"href":"https:\/\/aucomptoirdemargaux.com\/index.php\/wp-json\/wp\/v2\/pages\/20\/revisions"}],"predecessor-version":[{"id":1395,"href":"https:\/\/aucomptoirdemargaux.com\/index.php\/wp-json\/wp\/v2\/pages\/20\/revisions\/1395"}],"wp:attachment":[{"href":"https:\/\/aucomptoirdemargaux.com\/index.php\/wp-json\/wp\/v2\/media?parent=20"}],"curies":[{"name":"wp","href":"https:\/\/api.w.org\/{rel}","templated":true}]}}