{"id":17,"date":"2014-07-09T15:49:10","date_gmt":"2014-07-09T15:49:10","guid":{"rendered":"http:\/\/192.168.1.104\/restaurant\/?page_id=12"},"modified":"2025-04-13T14:44:20","modified_gmt":"2025-04-13T12:44:20","slug":"laboulangerie","status":"publish","type":"page","link":"https:\/\/aucomptoirdemargaux.com\/index.php\/laboulangerie\/","title":{"rendered":"La Boulangerie"},"content":{"rendered":"<\/div><\/div><\/div><!-- close content main div --><\/div><\/div><div id='av_section_1' class='avia-section main_color avia-section-default avia-no-shadow avia-full-stretch av-section-color-overlay-active avia-bg-style-scroll   av-minimum-height av-minimum-height-75 container_wrap sidebar_right' style = 'background-repeat: no-repeat; background-image: url(https:\/\/aucomptoirdemargaux.com\/wp-content\/uploads\/2022\/11\/ComptoirdeMargaux-Web-138-1030x817.jpg); background-attachment: scroll; background-position: top left; ' data-section-bg-repeat='stretch' ><div class='av-section-color-overlay-wrap'><div class='av-section-color-overlay' style='opacity: 0.5; background-color: #fcfcfc; '><\/div><div class='container' ><div class='template-page content  av-content-small alpha units'><div class='post-entry post-entry-type-page post-entry-17'><div class='entry-content-wrapper clearfix'>\n<div class='avia-image-container  av-styling-    avia-align-center '  itemscope=\"itemscope\" itemtype=\"https:\/\/schema.org\/ImageObject\"  ><div class='avia-image-container-inner'><img class='avia_image ' src='https:\/\/aucomptoirdemargaux.com\/wp-content\/uploads\/2024\/05\/Logo-MP_HD-2024-297x300.png' alt='' title='Logo MP_HD-2024'   itemprop=\"thumbnailUrl\"  \/><\/div><\/div>\n<\/div><\/div><\/div><!-- close content main div --><\/div><\/div><\/div><div id='after_section_1' class='main_color av_default_container_wrap container_wrap sidebar_right'   ><div class='container' ><div class='template-page content  av-content-small alpha units'><div class='post-entry post-entry-type-page post-entry-17'><div class='entry-content-wrapper clearfix'>\n<div style='padding-bottom:70px;color:#b28e50;' class='av-special-heading av-special-heading-h1 custom-color-heading blockquote modern-quote modern-centered   '><h1 class='av-special-heading-tag '  itemprop=\"headline\"  >LA S\u00c9LECTION DU COMPTOIR<\/h1><div class ='av-subheading av-subheading_below av_custom_color ' style='font-size:15px;'><p>Les pains, les couques<\/p>\n<\/div><div class='special-heading-border'><div class='special-heading-inner-border' style='border-color:#b28e50'><\/div><\/div><\/div>\n<\/div><\/div><\/div><!-- close content main div --><\/div><\/div><div id='av_section_2' class='avia-section main_color avia-section-default avia-no-shadow avia-bg-style-scroll   container_wrap sidebar_right' style = 'background-repeat: no-repeat; background-image: url(https:\/\/aucomptoirdemargaux.com\/wp-content\/uploads\/2014\/07\/fruit_bg.jpg); background-attachment: scroll; background-position: bottom right; ' data-section-bg-repeat='no-repeat' ><div class='container' ><div class='template-page content  av-content-small alpha units'><div class='post-entry post-entry-type-page post-entry-17'><div class='entry-content-wrapper clearfix'>\n<div style='padding-bottom:25px;' class='av-special-heading av-special-heading-h2  blockquote modern-quote modern-centered   '><h2 class='av-special-heading-tag '  itemprop=\"headline\"  >Les Pains<\/h2><div class ='av-subheading av-subheading_below  ' style='font-size:15px;'><p>Par Yves Guns<\/p>\n<\/div><div class='special-heading-border'><div class='special-heading-inner-border' ><\/div><\/div><\/div>\n<div class=\"flex_column av_one_full  flex_column_div av-zero-column-padding first  \" style='border-radius:0px; '><div class='av-catalogue-container  '><ul class='av-catalogue-list'>\n<li><a href='https:\/\/aucomptoirdemargaux.com\/wp-content\/uploads\/2018\/08\/tourte_meule_coupe_02.jpg'  class='av-catalogue-item'><img src='https:\/\/aucomptoirdemargaux.com\/wp-content\/uploads\/2018\/08\/tourte_meule_coupe_02-180x180.jpg' title='tourte_meule_coupe_02' alt='' class='av-catalogue-image' \/><div class='av-catalogue-item-inner'><div class='av-catalogue-title-container'><div class='av-catalogue-title'>Meule Levain 500g ou 1kg<\/div><div class='av-catalogue-price'><\/div><\/div><div class='av-catalogue-content'>\nL\u2019\u00e9crasement \u00e0 la meule de pierre lui fait garder toutes ses valeurs nutritives, le levain renforce son ar\u00f4me.<br \/>\nTraditionnellement, dans le sud de la France, se d\u00e9guste comme accompagnement du foie gras. Toast\u00e9, fait ressortir ses ar\u00f4mes de noisettes.<br \/>\n<\/div><\/div><\/a><\/li>\n<li><a href='https:\/\/aucomptoirdemargaux.com\/wp-content\/uploads\/2018\/08\/pain_seigle_01.jpg'  class='av-catalogue-item'><img src='https:\/\/aucomptoirdemargaux.com\/wp-content\/uploads\/2018\/08\/pain_seigle_01-180x180.jpg' title='pain_seigle_01' alt='' class='av-catalogue-image' \/><div class='av-catalogue-item-inner'><div class='av-catalogue-title-container'><div class='av-catalogue-title'>Seigle<\/div><div class='av-catalogue-price'><\/div><\/div><div class='av-catalogue-content'>\nCompos\u00e9 de 30% de seigle complet et farine de tradition, entour\u00e9 de son m\u00e9lange de graines maison.<br \/>\nId\u00e9al pour les premiers pas de vos enfants vers le pain gris.<br \/>\n<\/div><\/div><\/a><\/li>\n<li><a href='https:\/\/aucomptoirdemargaux.com\/wp-content\/uploads\/2018\/08\/pain_epautre_blanc_01.jpg'  class='av-catalogue-item'><img src='https:\/\/aucomptoirdemargaux.com\/wp-content\/uploads\/2018\/08\/pain_epautre_blanc_01-180x180.jpg' title='pain_epautre_blanc_01' alt='' class='av-catalogue-image' \/><div class='av-catalogue-item-inner'><div class='av-catalogue-title-container'><div class='av-catalogue-title'>Epeautre Blanc<\/div><div class='av-catalogue-price'><\/div><\/div><div class='av-catalogue-content'>\nUne c\u00e9r\u00e9ale des plus anciennes. Origine grand \u00e9peautre provenant des Ardennes Belges et Fran\u00e7aises.<br \/>\nId\u00e9al pour le consommateur intol\u00e9rant au froment.<br \/>\n<\/div><\/div><\/a><\/li>\n<li><a href='https:\/\/aucomptoirdemargaux.com\/wp-content\/uploads\/2018\/08\/pain_epautre_integral_01.jpg'  class='av-catalogue-item'><img src='https:\/\/aucomptoirdemargaux.com\/wp-content\/uploads\/2018\/08\/pain_epautre_integral_01-180x180.jpg' title='pain_epautre_integral_01' alt='' class='av-catalogue-image' \/><div class='av-catalogue-item-inner'><div class='av-catalogue-title-container'><div class='av-catalogue-title'>\u00c9peautre Int\u00e9grale<\/div><div class='av-catalogue-price'><\/div><\/div><div class='av-catalogue-content'>\nUne c\u00e9r\u00e9ale des plus anciennes. Origine grand \u00e9peautre provenant des Ardennes Belges et Fran\u00e7aises.<br \/>\nId\u00e9al pour le consommateur intol\u00e9rant au froment.<br \/>\n<\/div><\/div><\/a><\/li>\n<li><a href='https:\/\/aucomptoirdemargaux.com\/wp-content\/uploads\/2018\/08\/tourte_meule_01.jpg'  class='av-catalogue-item'><img src='https:\/\/aucomptoirdemargaux.com\/wp-content\/uploads\/2018\/08\/tourte_meule_01-180x180.jpg' title='tourte_meule_01' alt='' class='av-catalogue-image' \/><div class='av-catalogue-item-inner'><div class='av-catalogue-title-container'><div class='av-catalogue-title'>Petit \u00c9peautre BIO 500g ou 1kg<\/div><div class='av-catalogue-price'><\/div><\/div><div class='av-catalogue-content'>\n<p lang=\"zxx\"><span lang=\"zxx\"> Une c\u00e9r\u00e9ale ancienne qui n\u2019a subit aucune mutation\u00a0<\/span><span lang=\"zxx\">ou\u00a0<\/span><span lang=\"zxx\">manipulation g\u00e9n\u00e9tique<\/span><span lang=\"zxx\">. Il est naturellement\u00a0<\/span><span lang=\"zxx\">riche en\u00a0fibres, calcium, magn\u00e9sium, phosphore et zinc,\u00a0<\/span><span lang=\"zxx\">et ses prot\u00e9ines sont de bien meilleure qualit\u00e9, ce qui le rend plus digeste.<\/span><\/p>\n<p lang=\"zxx\"><span lang=\"zxx\">Le petit \u00e9peautre contient\u00a0peu de gluten (7%), le type de gluten q<\/span><span lang=\"zxx\">ui compose ses prot\u00e9ines est faible et bien tol\u00e9r\u00e9.<br \/>\n<\/span>Il est id\u00e9al pour les r\u00e9gimes sans Gluten.<\/p>\n<p lang=\"zxx\">C&rsquo;est un atout Sant\u00e9!<\/p>\n<\/div><\/div><\/a><\/li>\n<\/ul><\/div><\/div><div style='padding-bottom:25px;' class='av-special-heading av-special-heading-h2  blockquote modern-quote modern-centered   '><h2 class='av-special-heading-tag '  itemprop=\"headline\"  >Les Pains au LEVAIN BIO<\/h2><div class ='av-subheading av-subheading_below  ' style='font-size:15px;'><p>Par Vincent de LEVAIN<\/p>\n<\/div><div class='special-heading-border'><div class='special-heading-inner-border' ><\/div><\/div><\/div>\n<div class=\"flex_column av_one_full  flex_column_div av-zero-column-padding first  \" style='border-radius:0px; '><div class='av-catalogue-container  '><ul class='av-catalogue-list'>\n<li><a href='https:\/\/aucomptoirdemargaux.com\/wp-content\/uploads\/2023\/06\/IMG_3185-1030x773.jpg'  class='av-catalogue-item'><img src='https:\/\/aucomptoirdemargaux.com\/wp-content\/uploads\/2023\/06\/IMG_3185-180x180.jpg' title='IMG_3185' alt='' class='av-catalogue-image' \/><div class='av-catalogue-item-inner'><div class='av-catalogue-title-container'><div class='av-catalogue-title'>Meule Levain (Froment)<\/div><div class='av-catalogue-price'><\/div><\/div><div class='av-catalogue-content'>\nPain au levain, grand 1,2kg ou 500g moul\u00e9<br \/>\n<\/div><\/div><\/a><\/li>\n<li><a href='https:\/\/aucomptoirdemargaux.com\/wp-content\/uploads\/2023\/06\/IMG_3389-773x1030.jpg'  class='av-catalogue-item'><img src='https:\/\/aucomptoirdemargaux.com\/wp-content\/uploads\/2023\/06\/IMG_3389-180x180.jpg' title='IMG_3389' alt='' class='av-catalogue-image' \/><div class='av-catalogue-item-inner'><div class='av-catalogue-title-container'><div class='av-catalogue-title'>Campagne aux graines<\/div><div class='av-catalogue-price'><\/div><\/div><div class='av-catalogue-content'>\nGrand meule aux graines de 1,2kg ou moul\u00e9 500g<br \/>\n<\/div><\/div><\/a><\/li>\n<li><a href='https:\/\/aucomptoirdemargaux.com\/wp-content\/uploads\/2023\/06\/IMG_3388-773x1030.jpg'  class='av-catalogue-item'><img src='https:\/\/aucomptoirdemargaux.com\/wp-content\/uploads\/2023\/06\/IMG_3388-180x180.jpg' title='IMG_3388' alt='' class='av-catalogue-image' \/><div class='av-catalogue-item-inner'><div class='av-catalogue-title-container'><div class='av-catalogue-title'>Petit Epeautre Moul\u00e9<\/div><div class='av-catalogue-price'><\/div><\/div><div class='av-catalogue-content'>\nPain de petit \u00e9peautre 100% au levain moul\u00e9<br \/>\n<\/div><\/div><\/a><\/li>\n<li><a href='https:\/\/aucomptoirdemargaux.com\/wp-content\/uploads\/2023\/06\/IMG_3387-773x1030.jpg'  class='av-catalogue-item'><img src='https:\/\/aucomptoirdemargaux.com\/wp-content\/uploads\/2023\/06\/IMG_3387-180x180.jpg' title='IMG_3387' alt='' class='av-catalogue-image' \/><div class='av-catalogue-item-inner'><div class='av-catalogue-title-container'><div class='av-catalogue-title'>Pain au RIZ Sarrasin (Sans Gluten)<\/div><div class='av-catalogue-price'><\/div><\/div><div class='av-catalogue-content'>\nPain au riz et au Sarrasin 100% sans gluten moul\u00e9 (farine Chambelland)<br \/>\n<\/div><\/div><\/a><\/li>\n<li><a href='https:\/\/aucomptoirdemargaux.com\/wp-content\/uploads\/2023\/06\/IMG_3386-773x1030.jpg'  class='av-catalogue-item'><img src='https:\/\/aucomptoirdemargaux.com\/wp-content\/uploads\/2023\/06\/IMG_3386-180x180.jpg' title='IMG_3386' alt='' class='av-catalogue-image' \/><div class='av-catalogue-item-inner'><div class='av-catalogue-title-container'><div class='av-catalogue-title'>Pain aux graines SECHSKORNBROT<\/div><div class='av-catalogue-price'><\/div><\/div><div class='av-catalogue-content'><\/div><\/div><\/a><\/li>\n<li><a href='https:\/\/aucomptoirdemargaux.com\/wp-content\/uploads\/2023\/06\/IMG_3182-1030x773.jpg'  class='av-catalogue-item'><img src='https:\/\/aucomptoirdemargaux.com\/wp-content\/uploads\/2023\/06\/IMG_3182-180x180.jpg' title='IMG_3182' alt='' class='av-catalogue-image' \/><div class='av-catalogue-item-inner'><div class='av-catalogue-title-container'><div class='av-catalogue-title'>Baguette<\/div><div class='av-catalogue-price'><\/div><\/div><div class='av-catalogue-content'><\/div><\/div><\/a><\/li>\n<li><div class='av-catalogue-item'><img src='https:\/\/aucomptoirdemargaux.com\/wp-content\/uploads\/2023\/06\/IMG_3185-180x180.jpg' title='IMG_3185' alt='' class='av-catalogue-image' \/><div class='av-catalogue-item-inner'><div class='av-catalogue-title-container'><div class='av-catalogue-title'>Pain Noisettes Figues Abricots<\/div><div class='av-catalogue-price'><\/div><\/div><div class='av-catalogue-content'><\/div><\/div><\/div><\/li>\n<\/ul><\/div><\/div><div style='padding-bottom:25px;' class='av-special-heading av-special-heading-h2  blockquote modern-quote modern-centered   '><h2 class='av-special-heading-tag '  itemprop=\"headline\"  >Les Couques<\/h2><div class ='av-subheading av-subheading_below  ' style='font-size:15px;'><p>Par Laurent Richard &amp; Henry Bairin<\/p>\n<\/div><div class='special-heading-border'><div class='special-heading-inner-border' ><\/div><\/div><\/div>\n<div class='flex_column_table av-equal-height-column-flextable -flextable' ><div class=\"flex_column av_one_half  flex_column_table_cell av-equal-height-column av-align-top av-zero-column-padding first  \" style='border-radius:0px; '><div class='av-catalogue-container  '><ul class='av-catalogue-list'>\n<li><div class='av-catalogue-item'><div class='av-catalogue-item-inner'><div class='av-catalogue-title-container'><div class='av-catalogue-title'>Croissant, Pain au Chocolat<\/div><div class='av-catalogue-price'><\/div><\/div><div class='av-catalogue-content'><\/div><\/div><\/div><\/li>\n<li><div class='av-catalogue-item'><div class='av-catalogue-item-inner'><div class='av-catalogue-title-container'><div class='av-catalogue-title'>P\u00e9pites Chocolat<\/div><div class='av-catalogue-price'><\/div><\/div><div class='av-catalogue-content'><\/div><\/div><\/div><\/li>\n<li><div class='av-catalogue-item'><div class='av-catalogue-item-inner'><div class='av-catalogue-title-container'><div class='av-catalogue-title'>Beurre Raisins<\/div><div class='av-catalogue-price'><\/div><\/div><div class='av-catalogue-content'><\/div><\/div><\/div><\/li>\n<li><div class='av-catalogue-item'><div class='av-catalogue-item-inner'><div class='av-catalogue-title-container'><div class='av-catalogue-title'>Couque au Beurre<\/div><div class='av-catalogue-price'><\/div><\/div><div class='av-catalogue-content'><\/div><\/div><\/div><\/li>\n<li><div class='av-catalogue-item'><div class='av-catalogue-item-inner'><div class='av-catalogue-title-container'><div class='av-catalogue-title'>Couque Suisse<\/div><div class='av-catalogue-price'><\/div><\/div><div class='av-catalogue-content'><\/div><\/div><\/div><\/li>\n<li><div class='av-catalogue-item'><div class='av-catalogue-item-inner'><div class='av-catalogue-title-container'><div class='av-catalogue-title'>Croissant aux amandes<\/div><div class='av-catalogue-price'><\/div><\/div><div class='av-catalogue-content'><\/div><\/div><\/div><\/li>\n<li><div class='av-catalogue-item'><div class='av-catalogue-item-inner'><div class='av-catalogue-title-container'><div class='av-catalogue-title'>Tortillon<\/div><div class='av-catalogue-price'><\/div><\/div><div class='av-catalogue-content'><\/div><\/div><\/div><\/li>\n<li><div class='av-catalogue-item'><div class='av-catalogue-item-inner'><div class='av-catalogue-title-container'><div class='av-catalogue-title'>Boule de Berlin<\/div><div class='av-catalogue-price'><\/div><\/div><div class='av-catalogue-content'><\/div><\/div><\/div><\/li>\n<li><div class='av-catalogue-item'><div class='av-catalogue-item-inner'><div class='av-catalogue-title-container'><div class='av-catalogue-title'>Huit<\/div><div class='av-catalogue-price'><\/div><\/div><div class='av-catalogue-content'><\/div><\/div><\/div><\/li>\n<li><div class='av-catalogue-item'><div class='av-catalogue-item-inner'><div class='av-catalogue-title-container'><div class='av-catalogue-title'>Croissant Napp\u00e9<\/div><div class='av-catalogue-price'><\/div><\/div><div class='av-catalogue-content'><\/div><\/div><\/div><\/li>\n<li><div class='av-catalogue-item'><div class='av-catalogue-item-inner'><div class='av-catalogue-title-container'><div class='av-catalogue-title'>Craquelin Cramique<\/div><div class='av-catalogue-price'><\/div><\/div><div class='av-catalogue-content'><\/div><\/div><\/div><\/li>\n<\/ul><\/div><\/div><\/div><!--close column table wrapper. Autoclose: 1 --><div class='flex_column_table av-equal-height-column-flextable -flextable' ><div class='av-flex-placeholder'><\/div><div class=\"flex_column av_one_fourth  flex_column_table_cell av-equal-height-column av-align-top av-zero-column-padding   \" style='border-radius:0px; '><p><div class='avia-image-container  av-styling-    avia-align-center '  itemscope=\"itemscope\" itemtype=\"https:\/\/schema.org\/ImageObject\"  ><div class='avia-image-container-inner'><img class='avia_image ' src='https:\/\/aucomptoirdemargaux.com\/wp-content\/uploads\/2023\/06\/IMG_3372-225x300.jpg' alt='' title='IMG_3372'   itemprop=\"thumbnailUrl\"  \/><\/div><\/div><br \/>\n<div class='avia-image-container  av-styling-    avia-align-center '  itemscope=\"itemscope\" itemtype=\"https:\/\/schema.org\/ImageObject\"  ><div class='avia-image-container-inner'><img class='avia_image ' src='https:\/\/aucomptoirdemargaux.com\/wp-content\/uploads\/2023\/06\/573AF136-4F81-4BA2-BA1B-773D11CB6FF1-240x300.jpg' alt='' title='573AF136-4F81-4BA2-BA1B-773D11CB6FF1'   itemprop=\"thumbnailUrl\"  \/><\/div><\/div><\/p><\/div><\/div><!--close column table wrapper. Autoclose: 1 --><div class='flex_column_table av-equal-height-column-flextable -flextable' ><div class='av-flex-placeholder'><\/div><div class=\"flex_column av_one_fourth  flex_column_table_cell av-equal-height-column av-align-top av-zero-column-padding   \" style='border-radius:0px; '><p><div class='avia-image-container  av-styling-    avia-align-center '  itemscope=\"itemscope\" itemtype=\"https:\/\/schema.org\/ImageObject\"  ><div class='avia-image-container-inner'><img class='avia_image ' src='https:\/\/aucomptoirdemargaux.com\/wp-content\/uploads\/2023\/06\/IMG_3183-225x300.jpg' alt='' title='IMG_3183'   itemprop=\"thumbnailUrl\"  \/><\/div><\/div><br \/>\n<div class='avia-image-container  av-styling-    avia-align-center '  itemscope=\"itemscope\" itemtype=\"https:\/\/schema.org\/ImageObject\"  ><div class='avia-image-container-inner'><img class='avia_image ' src='https:\/\/aucomptoirdemargaux.com\/wp-content\/uploads\/2023\/06\/IMG_3184-225x300.jpg' alt='' title='IMG_3184'   itemprop=\"thumbnailUrl\"  \/><\/div><\/div><\/p><\/div><\/div><!--close column table wrapper. Autoclose: 1 -->\n<\/div><\/div><\/div><!-- close content main div --><\/div><\/div><div id='after_section_2' class='main_color av_default_container_wrap container_wrap sidebar_right'   ><div class='container' ><div class='template-page content  av-content-small alpha units'><div class='post-entry post-entry-type-page post-entry-17'><div class='entry-content-wrapper clearfix'>\n<\/div><\/div><\/div><!-- close content main div --><\/div><\/div><div id='av_section_3' class='avia-section main_color avia-section-default avia-no-shadow avia-bg-style-scroll   container_wrap sidebar_right' style = 'background-color: #b28e50; '  ><div class='container' ><div class='template-page content  av-content-small alpha units'><div class='post-entry post-entry-type-page post-entry-17'><div class='entry-content-wrapper clearfix'>\n<div class=\"flex_column av_one_full  flex_column_div av-zero-column-padding first  \" style='border-radius:0px; '><p><div style='padding-bottom:10px;color:#ffffff;' class='av-special-heading av-special-heading-h3 custom-color-heading blockquote modern-quote   '><h3 class='av-special-heading-tag '  itemprop=\"headline\"  >CONTACT<\/h3><div class='special-heading-border'><div class='special-heading-inner-border' style='border-color:#ffffff'><\/div><\/div><\/div><br \/>\n<section class=\"av_textblock_section \"  itemscope=\"itemscope\" itemtype=\"https:\/\/schema.org\/CreativeWork\" ><div class='avia_textblock  av_inherit_color '  style='color:#ffffff; '  itemprop=\"text\" ><p>Chauss\u00e9e de Wavre 1705<br \/>\nAuderghem<\/p>\n<p>+32 (0)2 256 0153<\/p>\n<p>commande@aucomptoirdemargaux.com<br \/>\nBE1020394765<\/p>\n<\/div><\/section><\/p><\/div><\/div><\/div><\/div><!-- close content main div --><\/div><\/div><div id='after_section_3' class='main_color av_default_container_wrap container_wrap sidebar_right'   ><div class='container' ><div class='template-page content  av-content-small alpha units'><div class='post-entry post-entry-type-page post-entry-17'><div class='entry-content-wrapper clearfix'>\n","protected":false},"excerpt":{"rendered":"","protected":false},"author":1,"featured_media":0,"parent":0,"menu_order":0,"comment_status":"open","ping_status":"open","template":"","meta":{"spay_email":""},"jetpack_sharing_enabled":true,"jetpack_shortlink":"https:\/\/wp.me\/P9Nd3r-h","_links":{"self":[{"href":"https:\/\/aucomptoirdemargaux.com\/index.php\/wp-json\/wp\/v2\/pages\/17"}],"collection":[{"href":"https:\/\/aucomptoirdemargaux.com\/index.php\/wp-json\/wp\/v2\/pages"}],"about":[{"href":"https:\/\/aucomptoirdemargaux.com\/index.php\/wp-json\/wp\/v2\/types\/page"}],"author":[{"embeddable":true,"href":"https:\/\/aucomptoirdemargaux.com\/index.php\/wp-json\/wp\/v2\/users\/1"}],"replies":[{"embeddable":true,"href":"https:\/\/aucomptoirdemargaux.com\/index.php\/wp-json\/wp\/v2\/comments?post=17"}],"version-history":[{"count":52,"href":"https:\/\/aucomptoirdemargaux.com\/index.php\/wp-json\/wp\/v2\/pages\/17\/revisions"}],"predecessor-version":[{"id":1394,"href":"https:\/\/aucomptoirdemargaux.com\/index.php\/wp-json\/wp\/v2\/pages\/17\/revisions\/1394"}],"wp:attachment":[{"href":"https:\/\/aucomptoirdemargaux.com\/index.php\/wp-json\/wp\/v2\/media?parent=17"}],"curies":[{"name":"wp","href":"https:\/\/api.w.org\/{rel}","templated":true}]}}